e 2 + -38 + -3 + (3874 - 3936).
-101
Calculate 19 - 33 - (-11 - -17 - 0 - 7).
-13
Evaluate 84 + -15 + -131 + 5.
-57
Calculate 5 - (1007 - 991 - (0 - 67)).
-78
(-76 - -31 - -39) + 45
39
Calculate (3 - -8) + 61 + -41 + -82.
-51
(-12 - -7 - (-1 - 5)) + -2 + -23 + 26
2
-47 - 3 - (-1 - 0 - ((68 - 60) + -13))
-54
Calculate -2 + 4 + 39 + (5 - (-10 + 31)) + 21.
46
31 + -11 - (-10 + (3 - 9) + -26)
62
Calculate -12 + 12 - (-18 - (2 + -1 + -9 - -13)).
23
139 - 11 - (26 - 34) - 38
98
What is the value of 30 + -19 + (16 + 1 - 26) + (19 - 0)?
21
What is -20 - (-6 + 12 + (9 - 13 - 4))?
-18
Evaluate -23 - (8 - 5 - 5) - (-20 + (12 - 2)).
-11
What is 91 - (65 - -40) - (72 - -4)?
-90
Calculate 53 + -35 + -13 - 39.
-34
What is the value of (10 - 0) + (-26 + -6 - (-28 - -12))?
-6
What is -57 + (72 - 17) - -29?
27
What is the value of 12 + -42 + (0 - (0 + 6))?
-36
What is the value of 14 + (-26 - -15) + -99 + 2 + -24?
-118
19 - (-7 - (0 - (-18 - -7) - 9 - 7))
21
Calculate 12 + -24 + -1 + 8 + 56 + (-8 - -2).
45
Calculate (-49 - (-5 - -7 - -3)) + -479 + 495.
-38
What is the value of -16 - (11 + 22 + -5)?
-44
-4 - (3 - (-2 - 3)) - (371 + -412)
29
What is -31 + -38 + (53 - 22)?
-38
Evaluate 35 + -167 - (21 + -92).
-61
299 - -184 - 434 - (0 - -10 - -1)
38
Calculate 42 - ((5 + 5 - 30) + -23).
85
-11 - (-44 + 68) - (1 + 0)
-36
What is the value of -6 - 0 - (-3 - -1 - (-47 - (-38 + 19)))?
-32
Calculate 2 + -13 + (3 + 0 - (881 + -843)).
-46
What is the value of 7 + 55 + 53 - 62?
53
Calculate 49 + (-114 - -33) + 39.
7
Evaluate -3 + (2 - -16) + -3 - (2036 + -1991).
-33
What is the value of 0 - 3 - (-33 - -26) - ((96 - 2) + 4)?
-94
What is 31 + -10 + 4 - -5 - (18 - 12 - 1)?
25
-7 + 14 + -8 + -14 + (-4 - -97)
78
What is (-8 + 0 - -16) + 6 + -20 + 20?
14
What is -119 - 2 - (-34 - (-38 + 32))?
-93
What is -2 + -13 + 17 + -5 + (23 - 12)?
8
What is the value of 173 - 171 - (-9 + (57 - -12) - 8)?
-50
Evaluate -74 - -68 - (-43 - (-8 + 8)).
37
Calculate 2 - (-1 + -83) - -4 - (5 - (-15 + 26)).
96
What is 122 - 6 - (1243 - 1144)?
17
What is the value of -74 + 7 + -2 + 0 + (16 - (-26 + 47))?
-74
Evaluate 19715 + -19718 - (0 - (1 - 0) - -7).
-9
Evaluate -12 + 40 + -32 + 35.
31
Evaluate -8 - (122 - 126 - (-116 - (-3 - -6))) - 12.
-135
Evaluate -17 - (-7 - (19 + -12 + 21)).
18
Calculate (-13 - -15) + 38 + -16 - (2 - 16).
38
(-19 - -8) + 22 + (-37 - -9)
-17
What is the value of -8 - (7 - ((-5 - -40) + -3 + (3 - 2)))?
18
What is 7 + (1 - 1 - 87) - (-19 - (-1 + -8))?
-70
What is 12 + (453 - 460) + (-44 - 2 - 0)?
-41
3 - ((-13 + -2 - (100 + -95)) + -14)
37
Evaluate 2 + -9 + -44 + (9 - -4) + -10 + -7.
-55
What is (-58 + 1 - 10) + (3 - -1) + 17?
-46
What is the value of -13 - -18 - 15 - -12 - 51 - -13?
-36
Calculate -4 - (-53 + 7) - -1.
43
Evaluate 79 + (-27 - (23 + -57)) - (-2 - -16).
72
What is 140 + 0 - (3628 + -3447)?
-41
What is -5 - (-45 - (-47 - -11))?
4
Evaluate 22 + (-95 - (1 + -21 + -8)).
-45
What is the value of (2 - (28 + (-41 - -25))) + (2 - -1)?
-7
Evaluate 115 + -180 + 42 - (-1 - 27).
5
What is the value of ((-3 - -7) + 6 - 8) + (-6 - 1) - -101?
96
What is the value of (-5 - (1 + 1)) + 7 + (3 - -1 - 12)?
-8
Evaluate -35 - (-115 + 57 - -16).
7
What is (-14 - (-7 + 6 - 1)) + (-33 - -71 - -14)?
40
What is the value of -1 + 1 + (-90 - -76) + 2 + 6?
-6
5 - (-18 - (-41 + 15 - 7)) - (-14 - 2)
6
Evaluate 97 + (-87 - 76) + 45.
-21
What is 48 - (31 + 15 - 37)?
39
Calculate (-41 - (-46 - 17)) + 7.
29
Calculate -7 + 23 + -28 - (1 + 25).
-38
Calculate (-23 - -69 - 180) + 22 + (-19 - -3).
-128
What is the value of (0 - 13) + (0 - 106 - (-144 - (197 - 323)))?
-101
What is 6 - ((5 - 34 - 19) + 9)?
45
-11 - (-12 + -14) - 24 - 9
-18
What is the value of 8 + -1 - (41 + -24) - (65 - (9 - 8))?
-74
What is (-4 - 1) + 11 - (48 + 6 + 1)?
-49
Calculate 32 - 24 - (10 - 5) - (-1 + (-5 - -5)).
4
What is -58 + 12 + (-1 - 10 - (-24 - (-17 - -5)))?
-45
-140 - -142 - (0 + -52) - 22
32
What is the value of (-1383 - -1413) + 2 + -35 - 24?
-27
What is the value of -27 - (-19 + -18) - (3 + 18)?
-11
808 + -827 + -1 + 2 + 5 - -43
30
What is -47 + 85 - 44 - -62?
56
What is the value of (-13 - (93 - -4)) + 12 + (0 + 11 - -2)?
-85
What is 20 + (34 + -70 - -66) + (7 - (-1 + 2))?
56
What is the value of (4534 - 4502) + 2 + 4 + 1?
39
Evaluate -196 - (-223 - (-150 + 25)).
-98
What is (-24 - (8 + -59)) + 35?
62
Evaluate (17 - 0) + (-850 - -822) + 6.
-5
Calculate -91 + (9 - 13 - (8 - (0 - (-19 - -11)))).
-95
What is -64 - (-14 + 0 + (-21 - -5 - -28))?
-62
2 + (-3 + -6 - 3) - (4 - (67 - 40))
13
30 - 0 - (-103 - -9 - -73)
51
What is the value of 27 - (-5 + -4 + 34 + -73 + 32)?
43
What is 31 - 6 - (31 - (13 + -15))?
-8
(-8 - -1) + (91 - (-33 - -119)) - (5 + 7)
-14
(5 - (19 - -5)) + (11 - (14 + -1)) + -1
-22
What is -93 - (65 + -136 - 14)?
-8
Evaluate -4 - 1 - 52 - (-400 + 397).
-54
-53 - (-61 + -28 + -5)
41
What is the value of 10 + -6 + -1 - (-27 + -25 - -3)?
52
Evaluate -2 - (-1 - 21) - (-289 + 318 - (46 + -6)).
31
Evaluate -44 - (25 + (-25 - -36) + 24).
-104
What is the value of 1 - (13 - (-17 + 8))?
-21
Calculate 1 + (10 + (5 - 20) - -12) + 58 + 5.
71
Evaluate 12 - (121 + -16 + -49).
-44
Calculate -1 - 3 - ((178 - 71) + -83).
-28
What is 4 + 11 + -25 + 19 - (4 - -4)?
1
What is the value of 6 + -8 + 4 + -16 + 20 - 23?
-17
Evaluate 14101 + -14004 - (13 - -2).
82
Calculate (-33 - -74 - 104) + (-35 - -27).
-71
Calculate -13 - (-28 + -7) - -4.
26
(0 + 45 - (4 - (82 - 100))) + -147
-124
(43 - 4) + 58 + (-92 - 62)
-57
(-2 - (9 - 0)) + (193 - (12 - 37 - -89))
118
What is the value of -45 + 71 + -41 - (0 - 38)?
23
What is -4 + (5 + -7 + 2 - (13 - (3 - 5)))?
-19
What is 4 + -47 + (-2 - -2) - (-659 + 672)?
-56
What is -76 - (-115 - -94 - 90)?
35
What is (37 - (28 + -13 - 13 - 14)) + 6?
55
-337 - -315 - (-1 + -2 + -4 + 20)
-35
Calculate 25 - (-20 - (50 - 55)).
40
-20 - (28 + (16 - -23) + -51)
-36
What is (-1 - 53) + -7 + (17 - -7)?
-37
What is the value of (2 - (2 + -49)) + (68 - 40) + -26?
51
What is the value of -79 + 3 - (((-5 - 7) + 2 - -11) + 4)?
-81
Calculate 140 + -134 + -8 + -5 + 7 + -4.
-4
Calculate (-5 - (12 - 29)) + 51 + -25.
38
Evaluate 12 - ((15 - (12 - -11)) + 4).
16
Calculate (-25 - 10) + 35 + (1 - -7) + (-4 - 92).
-88
Evaluate (-7 + 2 - -4) + 3 + -22 + -16 + 11.
-25
What is the value of -6 + 48 + 0 + -6?
36
What is the value of 11 - (54 + -49 - 41)?
47
Calculate 14 + (3 + -5 - 2) + 21 + 2 + 17.
50
Calculate -38 + 60 + -16 + 1 + 45.
52
Calculate -3 + -37 + -1 + (8 - (8 - -13) - -4).
-50
What is the value of (-4 - (-142 - -7)) + -32 + (88 - 67)?
120
What is the value of -12 + 36 + 0 + -29?
-5
Evaluate 2 - (-325 - -338 - (1 - 44)).
-54
Evaluate (-2 - (55 - ((-1 - 13) + 16))) + 14.
-41
Evaluate -85 + 77 + 6 + -2 + 6 - -21.
23
Evaluate -24 + -1 - (17 - ((6 - (5 - -1)) + 6)).
-36
What is 5 + -1 + (-12 - -30) + -78?
-56
Evaluate (-28 - 4 - -50) + (-2 - 16).
0
What is (1 - 32) + 1333 + -1327?
-25
Evaluate 12 + (14 - 13) - (0 + -21) - (2 + 11).
21
12 - ((-7 - -14) + -10 - (-47 + 17))
-15
What is the value of -3 + (8 - 1) - (10 + 2 + (41 - 54))?
5
What is -54 + -23 + 67 - ((-3 - (8 - 2)) + 4)?
-5
What is 59 + (9 - (-5 - -29))?
44
-19 + (2 - -85 - (441 + -397))
24
Evaluate 6 + 10 + 27 + -39.
4
What is 60 - (-73 - -49) - 35?
49
Calculate 83 - ((-67 - 5 - -60) + (0 - -2)).
93
-81 - 0 - (2613 + -2642)
-52
Evaluate -56 + 4 + -79 - -48.
-83
What is the value of -1 + (150 + -74 - 60)?
15
Evaluate 33 + (21 - (41 + (21 - -20))).
-28
Calculate (30 + -50 - 16) + 25 + 107 + -1.
95
Calculate -1 + -2 + (-8 - -7) + -28 + 10.
-22
What is -12 + (685 - 640 - (-6 + 0 + 0) - -3)?
42
What is 135 - (92 - -34) - (5 + -3 + -3 - -62)?
-52
What is -31 - (-9 + -20 + 11)?
-13
What is the value of -30 + (-13 + -1 - (106 - 115))?
-35
What is (-54 - -2) + -6 + 26 + -13 + -1 + -1?
-47
(-7 + 7 - 4) + (-15 - -15)
-4
What is 47 + 48 + -12 + -53?
30
-36 + 2 - (40 - (33 + 22))
-19
-1 - 19 - (53 + (2 - -15) + -11)
-79
What is the value of -5 - (31 - ((0 - -7) + (210 - 201)))?
-20
What is the value of (-66 - (-16 + -29)) + 43?
22
What is -9 - (11 + (5 - (10 + 29))) - 9 - 84?
-79
6 + 0 - 4 - (3 - 4 - -4)
-1
Evaluate -36 + (112 - 36) + (1 - 1) + -9.
31
What is 7 + -5 + (-49 - (33 + -81))?
1
What is the value of (62 - -1) + (-14 - -26 - 12 - -9) + 14?
86
3 + -17 + (-9 